**2 + w - 1. Suppose 6*i - 5*i = 9. Suppose 8*l = i*l - 1. What is x(l)?
14
Let r = 63 - 41. Let j = r - 19. Let u(h) = h + j*h + 2 + 4. Calculate u(-4).
-10
Let f(j) = 2*j + 23. Let o = 16 - 27. Determine f(o).
1
Let r(a) = -a**2 - 6*a + 45. Let p(j) = -40*j + 69. Let g be p(2). What is r(g)?
-10
Let w(q) = 8*q - 3 + q - q + 7*q**2 + q**3. Let y(u) = -u**2. Let s be y(0). Suppose s = -7*v - 25 - 17. Determine w(v).
-15
Let c(j) = 14*j**2 + 21*j**2 + 6*j + 16*j**2 + 7*j - 5 - 52*j**2. Give c(13).
-5
Suppose 0 = 3*h - 2*h - 1. Let x be h - (-4 + 0)*-1. Let s(k) = -3 + 11*k**2 + 0 + k - 10*k**2. Determine s(x).
3
Let u(p) = 19*p - 10. Let o(g) = 129*g - 69. Let a(m) = 4*o(m) - 27*u(m). Determine a(4).
6
Suppose 2*q + 10 = 4*c, q + 35 = 6*q + 5*c. Suppose -h - j - 5 = -1, q*h = j. Let d(f) = 5*f - 2*f - 1 - 2*f + 4*f. Determine d(h).
-6
Suppose 272 = 4*n + 80. Suppose 2*z - n = -2*z. Let a be z*(-3 - (-7)/2). Let y(s) = -s**3 + 6*s**2 + 6. Calculate y(a).
6
Let v(d) be the second derivative of 4/3*d**3 - 4*d**2 - 1/12*d**4 - d + 0. Suppose -3*c - 24*p + 29 = -20*p, 0 = -c - 4*p + 15. Determine v(c).
-1
Let a(v) = 6*v**2 + 6*v. Let w be 56/12*156/(-182). Determine a(w).
72
Let p(x) be the third derivative of x**4/6 - x**3/2 - 111*x**2. Let l = -3 + 6. Suppose -l*v - 3*r = 2*v, 0 = -3*r - 15. Determine p(v).
9
Let y(m) = m**2 + 12*m + 2. Let w(i) = -2*i**2 - 25*i - 6. Let v(u) = 3*w(u) + 5*y(u). Give v(-7).
48
Let q(h) = -11*h - 2. Suppose -4 + 16 = -6*u. What is q(u)?
20
Let m(y) = 2*y**3 + 2*y**2 - 3*y - 3. Suppose -q + 4 = -0*q. Let s be 4 - q - (-1 - -4). Let u(w) = 4*w + 10. Let a be u(s). What is m(a)?
-5
Suppose -p - 3 - 1 = 0. Let v = 4 - 3. Let j be v*(1*p + 3). Let n(t) = -3*t + 1. What is n(j)?
4
Let d(r) = r**2 + 6*r - 6. Let q be (-132)/30 - 18/30. Give d(q).
-11
Let y(h) = -h - 2. Let p(m) = 3*m + 7. Let q be p(0). Suppose -j - 5*f - q = -3*j, -13 = j + 3*f. Calculate y(j).
2
Let w(m) = 11*m**2 - 57*m**3 + 33*m**3 + 8 - 23*m**2 - 14*m + 4*m + 23*m**3. What is w(-11)?
-3
Let o be 22/5 + 6/(-15). Suppose -2 = 2*z + o. Let w be ((-7)/z - 3)*-9. Let v(i) = -i**3 + 5*i**2 + 9*i - 7. Give v(w).
11
Let h(r) be the third derivative of 0 + 1/6*r**3 + 0*r + 1/6*r**4 + 4*r**2. Let f = -17 - -16. Give h(f).
-3
Let c be 3/(-12) + (-55)/4. Let o = -8 - c. Let w(s) = 0*s**3 + s**3 - 3*s - 2*s**3 + 7*s**2 - 224 + 218. What is w(o)?
12
Let s(j) = j + 2. Let w(a) = a**2 - 9*a - 14. Let r be w(10). Let c = 5 - r. Suppose -c = -3*n + 3. Give s(n).
6
Let a be 1/(-2)*8 + -96. Let s = a - -58. Let v be 8/(-14) + (-66)/s. Let n(h) = -6*h**3 + h**2 - 1. Give n(v).
-6
Suppose 2*r - 6*r = -2*q - 200, -3*q - 286 = r. Let n(o) = o**2 + 3*o - 4. Let u be n(-3). Let j be q/84*14/u. Let g(s) = s**3 - 3*s**2 - 6*s + 4. What is g(j)?
-4
Let v(q) = -2*q**2 + q - 17. Let n(i) = 7*i**2 - 5*i + 77. Let r(a) = -2*n(a) - 9*v(a). Calculate r(-1).
2
Let m(w) be the third derivative of -w**5/60 + w**4/12 - w**3/2 - 5*w**2. Let a = -9 + 14. What is m(a)?
-18
Suppose -x + 3*s = -3*x - 11, 0 = s + 1. Let o(g) = 3*g - 7. Determine o(x).
-19
Let g(y) = 3 - 2447*y + 2449*y - 1 - 5. What is g(0)?
-3
Let t(r) be the third derivative of 1/24*r**4 + 12*r**2 + 0*r**3 + 0*r + 0. Calculate t(3).
3
Let o(u) be the third derivative of u**8/6720 - u**7/630 + u**6/240 - u**5/60 - 11*u**4/24 + 4*u**2. Let r(z) be the second derivative of o(z). What is r(3)?
-2
Let l(r) = -r**2 - 3*r - 4. Let y = -3 + 6. Let a(s) = -s**2 + 5*s + 7. Let w(m) = -m**2 + 6*m + 8. Let u(k) = 5*a(k) - 4*w(k). Let d be u(y). Calculate l(d).
-4
Let w(f) = -58*f - 3*f**3 - f**2 - 64*f + 121*f - 14 + 4*f**3 - 2*f**3. Determine w(0).
-14
Let k(o) = 15 + 2076*o - 1038*o - 1039*o. Calculate k(10).
5
Let j(r) = 22 + 1 + r**2 + 10 - 34. Let d(b) be the first derivative of -b**2/2 - 3*b - 2. Let y be d(-4). What is j(y)?
0
Let z(q) = -q + 4. Let v be -3 + (1 - 4) + 3 + 27. Let w be ((-2)/(-4))/(((-4)/v)/(-1)). Calculate z(w).
1
Let b(z) = -2*z - 22 + 10 - z**2 + 16. Let r = -15 + 11. Determine b(r).
-4
Let r(v) = v**3 + 5*v**2 - v + 1. Let c = -291 + 286. Determine r(c).
6
Let u(x) be the second derivative of -1/2*x**2 - 1/60*x**5 + 0 + 0*x**3 + 5/24*x**4 - x. Let g(i) be the first derivative of u(i). Give g(5).
0
Let k(a) be the first derivative of -a**3/3 - 5*a**2/2 - 5*a + 110. Determine k(-6).
-11
Let f(x) be the third derivative of -x**4/12 + 5*x**3/6 - 3*x**2 - x. Let s be 1/(-6) - 46/12. Give f(s).
13
Let l(z) = -2*z**2 - 7. Let a(p) = p + 3. Let o(b) = -3*a(b) - l(b). Let r = -19 + 17. Give o(r).
12
Let u(j) = -j**3 + 32*j**2 - 34*j + 83. Let m be u(31). Let d(g) = -g**2 - 9*g + 6. Calculate d(m).
-4
Let u(f) be the second derivative of -f**5/20 - 3*f**4/4 - f**3/6 - 5*f**2/2 + f - 9. Give u(-9).
4
Let r(x) = -7 - 3*x**3 + 2*x**3 + 10 + 13*x**2. Let h be r(13). Let y(v) = v**h - 2*v + 2*v**2 - v + 4*v. Calculate y(-1).
0
Suppose -3*g = 130 - 148. Let o(f) = -g*f**3 - f + 5 - 4 - 3*f**3 - f**2 + 17*f**3. What is o(1)?
7
Let v(d) be the first derivative of d**3/3 - 3*d**2/2 + d + 179. Give v(6).
19
Let c be 132/8*8/(-6). Let s be 24/(-36) + c/(-6). Let j(h) = 6*h**3 + 10*h**3 - 17*h**s. Calculate j(2).
-8
Let x(z) = -z**3 - 6*z**2 + z - 2. Let f(o) = 6*o - 2. Let m be f(3). Let b be ((-3)/2)/(6/m). Let u be (b/(-3))/((-6)/27). Give x(u).
-8
Let z(o) be the second derivative of 1/12*o**4 + 5 - 4*o + 11/6*o**3 - 4*o**2. What is z(-12)?
4
Let p(h) be the third derivative of -5*h**4/8 + h**3/2 - 232*h**2. What is p(-1)?
18
Let u(v) = v**3 + 9*v**2 - 9*v - 1. Suppose -3*s = -y + 32, 5*s - 28 = -5*y - 68. What is u(s)?
-11
Let y(s) = -s**3 - 4*s**2 - s + 4. Let x = -81 + 84. Let g be (3 - 5) + 1 + (1 - x). Determine y(g).
-2
Let v(o) = o**2 + 11*o - 2. Let z(r) = 13*r**3 - r**2 + 5*r - 3. Let u be z(1). Suppose -u - 121 = 15*p. Calculate v(p).
-20
Let a(g) = 1802*g - 1798*g - g**3 + 0*g**2 + 2 + g**2 - 5. What is a(3)?
-9
Let j(v) = -v**2 - v + 4. Suppose 18*x + 69 = -5*x. Determine j(x).
-2
Let j(h) = -6*h - 17. Let q(s) = -3*s - 9. Let o = 10 + -15. Let c(x) = o*q(x) + 3*j(x). Suppose 0 + 8 = -2*y. Give c(y).
6
Let b(n) be the third derivative of -n**5/30 + n**4/8 - n**3/3 - n**2. Let d be 13 + (-110)/10 + 1 + 0. Determine b(d).
-11
Suppose 2*p = -4 + 16. Suppose -t = 2*t - p. Let l(w) = 0 - 2 + 18*w**2 - w**3 - 15*w**2 - w + 3*w. What is l(t)?
6
Let v = 526 + -526. Let b(d) = -d**3 - d**2 - d. Calculate b(v).
0
Let g(u) be the third derivative of -1/12*u**4 - 1/2*u**3 + 0*u + 0 - 71*u**2. Let o(j) = -2*j - 4. Let l be o(-4). What is g(l)?
-11
Let z(l) be the third derivative of -l**5/60 + l**4/8 + 5*l**3/2 + 489*l**2. Determine z(5).
5
Suppose 23*i = 7*i + 2048. Let j(s) = i*s - 257*s + 125*s - 6. Give j(-5).
14
Let c(n) be the first derivative of 2*n**3/3 + 2*n**2 - 3*n - 45. Give c(3).
27
Let q(i) be the first derivative of -i**3/3 + 3*i**2 + 3*i + 10. Suppose 5*v = -28 - 27. Let n = v - -16. Calculate q(n).
8
Let l(v) be the second derivative of v**4/12 - 17*v**3/6 + 5*v**2 - 2*v - 52. Calculate l(15).
-20
Let c(x) be the third derivative of -x**6/360 - 13*x**5/120 - x**4/12 - 49*x**3/6 + 2*x**2 + 50. Let i(m) be the first derivative of c(m). What is i(-12)?
10
Let y(j) = 17*j - 1. Let c(i) = i. Let t(u) = -4*c(u) + y(u). Determine t(1).
12
Let b be (-45)/(-9)*(-2 - -3)*1. Let y(d) = -2*d**3 + 5*d**2 + 3*d + 17. Let p(a) = -a**3 + 3*a**2 + a + 8. Let z(i) = 5*p(i) - 2*y(i). Give z(b).
1
Let p(u) = -u**3 - u**2 - 2*u - 3. Let x be p(-2). Let q be 4 + (x + -3 - 5). Let b(n) = 1 - q - 2 - 3*n + 0. Calculate b(-2).
4
Let d be (-110)/25 - 6/(-15). Let x(o) = -o. Let j be x(-5). Let b(p) = 4 - j + 6 + 2*p. Determine b(d).
-3
Let v(c) = 5*c**2 - c. Suppose 0*f - p + 43 = 2*f, -p - 14 = -f. Suppose f = 3*r - 5*k, 3*k + k + 23 = 5*r. Suppose 5*x + 2 = r*x. Determine v(x).
6
Let k(w) = -w**3 - 27*w**2 - 51*w - 653. Let i be k(-26). Let u(v) = 4*v - 3. Let t(m) = 11*m - 9. Let d(l) = 6*t(l) - 17*u(l). Determine d(i).
3
Let r(h) = -7*h + 13. Let p(d) = -1 - 1 + 2*d + 1. Let z(o) = -4*p(o) - r(o). What is z(-7)?
-2
Let y(z) = -4*z + 3. Let i(q) = q. Let g(f) = -6*i(f) - y(f). Let n(s) = -s + 1. Let u(v) = -g(v) + 3*n(v). Determine u(-6).
12
Let n(s) = 4*s**3 + 4 - s - 3*s**3 + 5*s + 0*s + 3*s + 7*s**2. Give n(-6).
-2
Let p(y) be 